t is 26 + -16 - (-2 + 7)?
5
(3 - (4 + -1)) + (2 - 5)
-3
What is the value of (-3 - (3 - 4)) + -2?
-4
What is -3 - ((13 - 13) + (4 - 2))?
-5
What is 4 - (16 - 7 - 4)?
-1
What is 2 - (-3 - 1 - -10)?
-4
What is (-6 - -6) + 0 - 4?
-4
Evaluate 1 + (1 + -6 - -2 - 1).
-3
Evaluate -3 - -1 - (-27 - -27).
-2
What is -62 + 53 - (-1 + -5)?
-3
-9 - (-10 - (11 + -9))
3
Calculate 4 + -4 + -4 - 2.
-6
Evaluate (-6 - (-9 + 8)) + 4.
-1
What is -17 + 21 - (9 + -1)?
-4
Evaluate -170 + 170 + (0 + 0 - 6).
-6
What is (-1 - 3) + (-2 - 2) + 3?
-5
What is the value of -8 - (5 + 2 + 30 + -49)?
4
Calculate 3 - 7 - (-2 + 0 + 2).
-4
What is -4 - 0 - ((5 - -2) + -13)?
2
Evaluate -37 - -42 - (9 + -1).
-3
Evaluate (-7 - 7) + 7 - -4.
-3
What is -4 + (1 + 1 - 3)?
-5
What is the value of 7 - -3 - ((6 - -7) + -8)?
5
What is the value of 1 + (1 - (-12 + 6))?
8
Calculate -1 - (-5 - -8) - (-1 - 1).
-2
-2 - ((-2 - 2) + -1) - 1
2
What is the value of 7 + (5 - 0 - 10) + -8?
-6
Evaluate -2 + 8 - (28 + -23).
1
What is (-5 - (3 + -2 + 0)) + 0?
-6
5 + -6 + -4 + 11
6
3 - 10 - (-11 - 1)
5
Evaluate 6 - 7 - (-3 - (-2 + -1)).
-1
Evaluate 20 + -16 + (0 - 4).
0
What is the value of -4 + (-3 - -11 - 4)?
0
What is the value of -3 + (3 - (-6 + (6 - 3)))?
3
What is the value of 17 + -30 - (-9 + 3)?
-7
(-2 - (10 - 4 - 3)) + 11
6
Evaluate 1 + 3 + -13 + 5 - -9.
5
Calculate -6 + 6 + 1 + 10 + -4.
7
What is 6 + 4 + 9 + -16?
3
Calculate 5 - 0 - (5 - (13 - 13)).
0
What is (-35 - -28) + (1 + 5 - -2)?
1
Calculate (4 - -3) + (5 - 7).
5
What is -4 + (4 - 4 - 0) + 5?
1
What is the value of -21 + 21 - (-2 + 6)?
-4
What is -5 + (1 - -1) + -2?
-5
What is -6 + -5 + 3 + 3?
-5
Evaluate (3 - (3 - 1)) + -1.
0
Evaluate 0 + 4 + 2 + -5 + 1.
2
Calculate 15 - (8 + -11 + 14).
4
Calculate -1 - (-3 - -1) - (0 + 0).
1
Calculate (78 - 76) + 0 + 3.
5
Calculate (-1 - -4) + -20 + 13.
-4
Calculate -4 - (-3 + (-10 - -6)).
3
Evaluate (60 - 67) + 12 + -2.
3
Calculate 95 + -101 + 8 + (-1 - 1).
0
5 - 1 - (1 + 2)
1
(-1 - -6) + -3 - (-6 + 7)
1
5 + -14 + -2 + 6
-5
(3 - 2) + 0 + 0
1
What is the value of 3 + -2 + 4 - 9?
-4
Evaluate -2 + (2 - -3 - -1).
4
Calculate -4 - -2 - (-14 + 8).
4
What is the value of 0 + 7 + (69 - 73)?
3
What is the value of -8 - ((2 - 6) + (-1 - -2))?
-5
What is the value of (-3 - (-3 + (2 - -1))) + -1?
-4
Calculate -3 - (2 - -7 - 7).
-5
What is 5 - (-5 + 2 + 7 + -3)?
4
What is -4 - (-2 - (-6 + 5) - 5)?
2
Calculate 3 - 5 - (-2 - -3).
-3
Calculate (23 + -7 - 12) + -13.
-9
Calculate -4 - -2 - (-10 + 4 + 6).
-2
4 + -5 + (-2 - (-1 - 1))
-1
What is 11 + -1 + (3 - 10)?
3
What is (1 - (0 - -5)) + 6?
2
-5 + -11 + (22 - 6)
0
What is 1 + -3 + (4 - -2)?
4
Evaluate (9 - (0 - (6 + -12))) + -7.
-4
What is 11 - (10 + (-6 + -1 - -3))?
5
What is 16 - 30 - (0 - 8)?
-6
Calculate 1 - ((2 - (-4 - -3)) + -3).
1
-1 + (-8 + 10 - (2 + -2))
1
What is the value of 0 + -4 + 3 - 0 - 1?
-2
-8 + (4 - (-12 + 7))
1
Evaluate 9 + -1 + 5 + -6 + -4.
3
Calculate 4 + -2 + -1 - 3.
-2
Evaluate (-4 - (-3 + 0 - -1)) + 6.
4
-1 + -64 + 75 + -1 + -4
5
What is the value of (1 - 0) + 3 - 11?
-7
What is -8 - (-1 - -1) - -1?
-7
What is the value of (358 - 355) + -6 + 0 + -1?
-4
Calculate (-5 - -2 - -2) + (-6 - -2).
-5
Evaluate 0 + 2 + -3 + -1 + 2.
0
What is the value of 6 - (7 + -7 + 17)?
-11
5 - (7 - (-5 + 9) - -2)
0
What is the value of -2 - (-4 - (0 + 3))?
5
Evaluate -5 - (3 + 1 + -4).
-5
What is the value of 11 + (0 - (12 - 7))?
6
-8 + 3 + (-6 - -4 - -13)
6
What is -3 + 4 + -1 + -3 + 1?
-2
(1 - (-2 + -3)) + (-57 - -46)
-5
Calculate 3 + -10 + (4 - 0) + 13.
10
What is 15 + -12 - (-1 + -1)?
5
1 - (-1 + 2) - (8 - 4)
-4
6 + 4 + -3 + (1 - 6)
2
What is the value of -2 - (1 - 0 - 3 - 3)?
3
Evaluate 7 + -13 + 2 + 4 + -1.
-1
-1 - (-1 + (-7 - 1)) - 0
8
Evaluate -3 + (-1 - (3 + -2)).
-5
What is -5 - 1 - -2 - (6 - 14)?
4
What is the value of 5 - (-2 + 0 - -3)?
4
What is 3 + (-1 - 15) - (3 - 8)?
-8
What is (-2 - (1 - -1)) + -8 + 11?
-1
Calculate -12 + 14 + (4 - 1).
5
2 + (-2 + -1 - 4) + 2
-3
What is (0 - -1) + 4 - (-1 + 5)?
1
What is the value of (8 - -6) + -5 + -5 - 9?
-5
Evaluate 5 + (17 - 7) - 11.
4
Evaluate (2 - 4) + -1 + -1.
-4
0 - (-6 + -4 + 11)
-1
9 + -3 - (2 - (-1 + 1))
4
What is the value of 14 + -16 - (-12 + 3)?
7
Evaluate 9 + -2 - (4 + -1).
4
-4 + 9 + 1 + -1
5
1 - -2 - (2 + 2)
-1
What is -2 - ((2 - (4 + -2)) + -4)?
2
-3 - (-1 - (-3 + 4))
-1
Calculate 5 + (-8 - -3) - 7 - -16.
9
Evaluate -2 - (4 + (-9 - -3)).
0
What is (-4 - (-1 + 0 + 0)) + 3?
0
What is the value of 4 - (2 + 3) - -3?
2
6 + -6 + (-6 - -7)
1
Evaluate 4 - 1 - 0 - 5.
-2
1 + -3 + 24 + -14
8
Calculate -3 + 3 + 5 - 8.
-3
(0 + -4 - 2 - 2) + 4
-4
What is the value of 0 + (-2 + -1 - 1) - 0?
-4
What is the value of (-13 - -7) + (5 - 3)?
-4
Evaluate (-2 - -1 - -7) + -17 + 19.
8
-4 - (-20 - -18 - (0 + 0))
-2
-6 + 1 + -5 + 5 + 0
-5
What is the value of (0 - -3) + (-9 + 5 - 0)?
-1
What is the value of -1 + 0 + (-32 - -38)?
5
Evaluate -2 + -1 + -3 + 1 + 1.
-4
Calculate 2 + -3 + 6 - (26 + -26).
5
Evaluate -7 + 6 + 1 + -1 + 2.
1
What is -5 - (-3 - (-3 + 0))?
-5
Evaluate -2 + (-1 + 0 - (-7 - -8)).
-4
Calculate 8 + -5 + -10 + 6.
-1
Calculate 14 + (-17 - -3) + -11.
-11
-4 + -1 - (-78 - -73) - -5
5
-6 + -2 + -13 + 11
-10
Calculate -3 + (-1 - (2 + -1)) + 5.
0
Evaluate (-4 - -3) + (-3 - (5 + -3)).
-6
What is (-1 - -1) + -7 - (82 - 87)?
-2
Calculate -1 - (-3 + (-3 - -5)) - 2.
-2
What is 0 + -4 - (3 + -3 + -3)?
-1
What is 1 + 0 - -3 - (-1 + 1)?
4
Calculate -2 - (-3 + -1 - -7) - -7.
2
2 + 2 + -5 + 2
1
20 - 25 - (-8 + 1)
2
Evaluate (-4 - -3) + (2 - (2 + -5)).
4
Calculate 24 + -17 - (-12 - -10).
9
Evaluate (-4 - 2) + (0 - -10).
4
What is 12 + (9 - (17 + 10))?
-6
What is 0 - (0 - -3) - 5 - 0?
-8
What is the value of (-26 - -34) + (-1 - 2)?
5
Evaluate -9 - 0 - -3 - -2.
-4
Calculate (5 - -1) + (57 - 56).
7
What is the value of (2 + -1 - (-7 + 8)) + 1?
1
-1 + (3 - 1 - -3) - 4
0
Evaluate -5 - (-1 + (-3 - -1)) - -4.
2
Evaluate (2 + -2 - -6) + -1 + 1.
6
Evaluate (-2 - (-6 + 2)) + -2 + -1.
-1
Evaluate 4 - (7 - 4) - -3 - 3.
1
What is -2 + (-3 + 4 - 1)?
-2
What is 0 - 0 - (43 + -37)?
-6
Calculate -18 + 12 + 5 + -4.
-5
Calculate -9 - (0 - (-3 + 12)).
0
8 + -6 - (-2 - -4)
0
0 - 6 - (18 + -33)
9
Calculate (-7 - -2) + 2 + (6 - 4).
-1
Evaluate 7 + (-3 - 2) + -5.
-3
What is the value of (-4 - -2) + 1 + (32 - 27)?
4
What is (5 - -4) + -6 - 4?
-1
Evaluate -13 + 15 + -7 + -1.
-6
Evaluate 1 + 1 - (2 + -8 + 5).
3
What is (-8 - 3 - -5) + 7?
1
Evaluate 13 + -11 + 4 - 8.
-2
What is 0 - (-2 - (-1 - -3))?
4
Calculate -3 + (0 - -1 - -3).
1
Calculate 17 - 10 - (0 + (-4 - -3)).
8
(-2 - -1) + -4 + 4
-1
What is the value of 6 - (-3 + (-3 - -6))?
6
What is the value of 2 - (-9 - -17) - 1?
-7
What is (79 - 79) + (1 - 1) + 7?
7
Calculate 0 - -9 - (27 - 20).
2
What is 2 + 1 - (-2 - -5 - 5)?
5
What is the value of 0 + (5 + -8 - 3 - -10)?
4
What is (-3 - -8) + -3 - 5?
-3
Calculate 6 - ((3 - 2) + 2).
3
What is 407 + -415 - (-1 + (-1 - 5))?
-1
What is the value of -1 + 3 + (4 - -4)?
10
What is 2 + -4 + (0 - -1) - 1?
-2
What is -28 + 22 + (3 - 0)?
-3
What is the value of -5 - -3 - -9 - 0?
7
What is 2 - (2 + (-1 - -2))?
-1
Calculate -4 + 0 + 1 + 11 - -1.
9
13 - (7 - 3 - -13)
-4
What is the value of 1 + 0 - (-2 - (-10 - -10))?
3
What is -6 + 5 + -13 + 4 + 6?
-4
Calculate 4 + (4 - 4) + -7 - -7.
4
(0 - (-5 - 1)) + -158 + 147
-5
Calculate -3 - ((-1 - -4) + 5 + -7).
-4
What is the value of -5 + (-2 - (-1 - 9))?
3
What is the value of -4 + (5 - (-3 + 0) - 2)?
2
What is the value of 17 + -24 - (-1 + 0 + 2)?
-8
Evaluate 5 + -2 + -2 + -5.
-4
Calculate 3 - ((-2 - 0) + (12 - 8)).
1
What is -6 + 16 + -6 - 6?
-2
What is the value of 3 + (1 + -3 - (-1 - 2))?
4
-6 - (-4 - (-1 + 0) - 0)
-3
Calculate (-1 + -2 - -3) + -6 + 4.
-2
Evaluate 7 - -1 - (-54 - -69).
-7
Calculate -7 + 13 + -8 + 7.
5
What is (4 - -2) + 11 + -17?
0
Calculate 4 + 1 + -3 + -1 - -4.
5
6 + (10 - (-6 - -21))
1
(1 - 1) + (-19 - -22)
3
What is 7 + ((3 - -3) + -4 - 4)?
5
What is the value of 2 - 0 - (9 - 11 - 1)?
5
Calculate -8 - ((-12 - -5) + -7).
6
What is 33 + -35 - (0 + -1)?
-1
Evaluate (-4 - -1) + 1 + -6.
-8
Evaluate 3 + 3 - 1 - 3.
2
What is 1 + -2 - (9 + (-6 - 1))?
-3
Evaluate (-8 - -5) + 0 - -3.
0
What is the value of -9 + 13 + -16 + (7 - 0)?
-5
Evaluate (1 - -1) + (-1 - -1) + 3.
5
What is 0 - (9 + (-8 - -1))?
-2
